rmine a(-439).
171
Let a(f) = -6113*f - 513352. Give a(-84).
140
Let k(z) = -3499*z + 524703. Give k(150).
-147
Let a(k) = k**3 - 21*k**2 - 102643*k + 2155503. What is a(21)?
0
Let j(w) = 1874675*w - 13122711. What is j(7)?
14
Let s(p) = 39*p**2 - 27*p - 103. Give s(10).
3527
Let m(l) = 6*l**3 - 230*l**2 + 111*l + 140. Give m(38).
1470
Let g(p) = 812*p - 9093. Determine g(11).
-161
Let f(u) = -2*u**2 + 538*u + 3322. Determine f(-6).
22
Let h(q) = 17*q**2 + 1462*q + 6864. Determine h(-81).
-21
Let a(v) = v**3 + 47*v**2 + 176*v + 1803. Determine a(-44).
-133
Let v(o) = -o**2 - 2073*o + 3008119. Give v(984).
31
Let d(k) = 217462*k + 217402. What is d(-1)?
-60
Let w(u) = -u**2 - u + 991. What is w(31)?
-1
Let m(j) = 179*j**2 - 1028*j - 1029. Give m(-1).
178
Let q(y) = 3*y**3 + 245*y**2 + 457*y + 4584. Calculate q(-80).
24
Let l(z) = z**3 + 46*z**2 + 125*z - 673. What is l(-42)?
1133
Let r(a) = a**3 - 7*a**2 - 1388*a + 10985. Determine r(8).
-55
Let u(g) = -g**3 - 60*g**2 - 564*g - 38203. What is u(-61)?
-78
Let s(p) = 219*p**3 - 168*p**2 + 9*p + 4. Give s(-2).
-2438
Let s(p) = -39413*p**3 + 78824*p**2 - 6*p + 4. Determine s(2).
-16
Let x(u) = -58242*u - 17239636. What is x(-296)?
-4
Let q(n) = 80*n - 675. Give q(22).
1085
Let k(c) = 11*c**2 - 4305*c + 17204. Calculate k(4).
160
Let g(x) = 218*x**2 + 170*x - 299. Determine g(-2).
233
Let n(t) = 2*t**2 + 421*t - 263. Determine n(-206).
-2117
Let q(n) = n**3 + 124*n**2 - 1529*n + 515. What is q(11)?
31
Let v(h) = -21148*h + 1607252. What is v(76)?
4
Let f(s) = 29*s**2 - 1049*s + 207. Calculate f(36).
27
Let j(l) = -14*l**2 + 4983*l - 439845. Calculate j(162).
-15
Let s(p) = -p**3 - 161*p**2 + 1363*p + 1888. What is s(-169)?
29
Let s(t) = 13758*t + 440252. Calculate s(-32).
-4
Let z(f) = 272*f**2 + 1136*f - 2970. Determine z(-6).
6
Let y(j) = j**2 + 342*j + 20324. Calculate y(-265).
-81
Let w(p) = -7*p**3 + 2*p**2 - 871*p - 1761. Determine w(-2).
45
Let a(u) = -11*u**2 + 6698*u + 54298. What is a(-8)?
10
Let n(h) = -5*h**2 - 1721*h - 31285. Determine n(-325).
-85
Let x(h) = -16*h**3 + 437*h + 2082. Calculate x(-5).
1897
Let p(s) = 7*s**3 - 55*s**2 + 3*s + 4. Determine p(7).
-269
Let a(j) = 2*j**2 + 904*j - 265934. Give a(-655).
-4
Let t(o) = o**3 + 40*o**2 + 124*o - 23. Give t(-37).
-504
Let m(y) = 111*y + 2479. Determine m(-15).
814
Let k(n) = -490*n**2 - 493*n + 945. Determine k(-2).
-29
Let a(z) = -1153*z - 109576. What is a(-95)?
-41
Let c(i) = 2503*i + 763417. Determine c(-305).
2
Let x(a) = a**3 - 8*a**2 - 11436*a + 68698. What is x(6)?
10
Let n(d) = -876*d + 113855. Calculate n(130).
-25
Let y(x) = -3*x**2 - 24433*x - 2817599. Calculate y(-117).
-5
Let t(v) = 2*v**3 - 671*v**2 - 343*v + 2348. Give t(336).
-4
Let a(c) = -3*c**2 - 5*c - 204. Determine a(0).
-204
Let a(s) = -s**3 - 41*s**2 - 60*s + 128. What is a(-42)?
4412
Let w(p) = 5*p**2 - 290*p + 807. Give w(55).
-18
Let f(d) = -d**2 - 98*d - 4577. Determine f(-37).
-2320
Let t(h) = -84*h**3 - 337*h**2 + 20*h + 13. What is t(-4)?
-83
Let t(z) = -z**2 + 50*z + 497. Calculate t(67).
-642
Let q(f) = f**3 - 3*f**2 - 842*f + 5182. Determine q(6).
238
Let o(l) = 4*l**2 + 141*l + 993. Calculate o(-9).
48
Let p(z) = -20*z**3 + 211*z**2 + 359*z - 2862. Calculate p(11).
-2
Let j(g) = -87*g**3 + g**2 - 4405*g + 8800. What is j(2)?
-702
Let c(o) = -16*o**3 + 206*o**2 - 560*o + 4. Give c(9).
-14
Let c(i) = 7030*i - 21579. Give c(3).
-489
Let j(c) = 3*c**2 - 1320*c + 29967. What is j(416)?
15
Let u(y) = 5460*y + 545996. Determine u(-100).
-4
Let h(i) = 20817*i + 1103323. Give h(-53).
22
Let u(d) = 65*d + 2791. Give u(-47).
-264
Let r(q) = -3*q**3 + 19*q**2 + 104*q - 826. Calculate r(8).
-314
Let r(c) = c**2 - 17586*c - 2481632. Calculate r(-140).
8
Let c(s) = 1671*s - 1382022. Give c(827).
-105
Let p(u) = 171*u + 5558. Calculate p(-33).
-85
Let x(l) = -7*l**3 + 17*l**2 + 27*l + 9. Give x(-4).
621
Let z(f) = -f**3 - f**2 + 3594*f - 24737. Determine z(7).
29
Let y(l) = -l**2 + 23634*l - 188969. What is y(8)?
39
Let h(j) = -5*j**2 - 222*j + 4309. Determine h(-59).
2
Let c(r) = 60*r - 72. Give c(3).
108
Let i(p) = 5*p**2 - 113*p + 785. What is i(15)?
215
Let p(f) = f**2 + 1950*f - 29215. Calculate p(15).
260
Let j(p) = -2*p**2 + 1173*p - 17589. Give j(571).
112
Let q(n) = -98*n**2 - 3541*n - 24683. What is q(-7)?
-4698
Let r(z) = 1005*z - 19827. Determine r(20).
273
Let i(l) = 18*l - 1228. Determine i(69).
14
Let k(o) = -o**3 - 166*o**2 + 208*o + 260. Calculate k(2).
4
Let s(w) = 3585*w - 71749. Give s(20).
-49
Let d(g) = -28*g**3 + 3976*g**2 + 22*g - 3326. What is d(142)?
-202
Let w(o) = o**3 + 82*o**2 - 422*o - 6880. Calculate w(-86).
-172
Let j(n) = -n**3 + 9*n**2 - 139*n + 1364. What is j(0)?
1364
Let k(p) = -431*p - 24478. Determine k(-57).
89
Let f(i) = -6266*i - 62909. Calculate f(-10).
-249
Let f(d) = 4*d**3 + 35*d**2 - 245*d - 2086. Determine f(-9).
38
Let i(c) = c**2 - 597*c + 88788. Calculate i(316).
-8
Let r(x) = 4000*x - 23957. Calculate r(6).
43
Let j(c) = -2*c**2 + 274*c - 6324. Determine j(107).
96
Let j(k) = -k**3 - 139*k**2 + 360*k - 886. Calculate j(-142).
8486
Let s(b) = -b**3 + 19*b**2 + 100*b - 158. What is s(18)?
1966
Let i(o) = -317*o - 18378. Calculate i(-58).
8
Let k(w) = -2371*w + 46669. What is k(20)?
-751
Let j(m) = -m**2 + 967*m - 51841. What is j(57)?
29
Let u(o) = 178*o + 29899. What is u(-165)?
529
Let o(g) = g**3 + 45*g**2 + 72*g + 1020. Give o(-42).
3288
Let u(n) = 27567*n + 4686392. What is u(-170)?
2
Let j(z) = 550*z - 9837. Determine j(18).
63
Let b(d) = -2*d**3 + 48*d**2 - 22*d - 148. Give b(23).
404
Let v(t) = 103213*t + 619271. Determine v(-6).
-7
Let d(v) = -1387*v**2 - 89*v + 85. Determine d(1).
-1391
Let z(p) = 34*p + 2524. Determine z(-81).
-230
Let d(r) = -r**3 - 9*r**2 + 57*r - 19. Calculate d(4).
1
Let q(t) = t**3 + 183*t**2 - 108*t - 84713. Determine q(-181).
357
Let g(l) = -l**3 - 100*l**2 + 4376*l - 1729. Give g(-133).
0
Let i(d) = 2*d**3 + 36*d**2 - 1492*d - 26854. What is i(-18)?
2
Let n(k) = -k**3 - 49*k**2 + 2162*k + 105034. What is n(-51)?
-26
Let b(r) = 4*r**2 + 1008*r - 6189. Determine b(-258).
3
Let s(b) = -2*b**3 - 572*b**2 - 5546*b - 7165. Calculate s(-276).
11
Let x(b) = 2*b**2 + 1204*b - 13477. Determine x(11).
9
Let x(q) = -16722*q + 652159. Determine x(39).
1
Let q(w) = -2*w**3 - 612*w**2 - 1041*w - 131391. What is q(-305)?
64
Let w(q) = 3*q**3 - 14*q**2 + 667*q - 3358. Calculate w(5).
2
Let m(h) = 1164*h**2 + 2332*h + 9. What is m(-2)?
1
Let x(z) = -z**3 + 32*z**2 - 269*z + 284. Give x(17).
46
Let b(w) = w**3 - 44*w**2 + 420*w - 20941. Calculate b(45).
-16
Let j(b) = 176*b**2 - 467*b + 290. What is j(1)?
-1
Let o(q) = 2*q**3 - 1643*q**2 + 5706*q + 16352. Give o(818).
-8
Let z(f) = -2018004*f - 6054016. What is z(-3)?
-4
Let g(l) = 2*l**2 - 1445*l + 257636. Determine g(402).
-46
Let n(y) = -4*y**2 - 92*y - 1415. Give n(-18).
-1055
Let v(k) = -20485*k - 20430. What is v(-1)?
55
Let u(g) = -1581*g**3 - 11068*g**2 + 46*g + 367. Calculate u(-7).
-4
Let g(m) = -m**3 - 44*m**2 + 54*m + 1564. Calculate g(-6).
-128
Let u(d) = -d**2 + 6159*d + 179460. Give u(-29).
8
Let x(m) = -m**3 - 109*m**2 - 136*m - 3033. Calculate x(-108).
-9
Let b(l) = -l**3 - 29*l**2 - 545*l - 9377. What is b(-23)?
-16
Let c(m) = -6071*m + 6043. What is c(1)?
-28
Let h(t) = t**3 - 55*t**2 + 325*t + 1245. What is h(48)?
717
Let c(x) = -x**2 - 258*x + 25779. Calculate c(77).
-16
Let w(z) = z**3 + 71*z**2 + 1128*z - 1. Determine w(-47).
-1
Let t(u) = -2*u**3 - 842*u**2 - 2573*u - 27178. Calculate t(-418).
-8
Let s(k) = -2*k**3 - 16*k**2 - 275*k - 2601. Determine s(-9).
36
Let r(z) = z**3 + 10*z**2 + 5382*z + 48331. Determine r(-9).
-26
Let f(q) = -q**3 + 275*q**2 + 546*q + 2199. Give f(277).
-17
Let u(a) = -4*a**3 + 134*a**2 + 282*a + 4. Determine u(-2).
8
Let n(s) = 3532069*s + 7064131. Determine n(-2).
-7
Let u(s) = -2*s**3 + 112*s**2 + 1830*s + 6553. Determine u(-6).
37
Let z(q) = -2*q**2 + 470*q + 4577. Determine z(248).
-1871
Let l(h) = -513*h - 17918. Give l(-35).
37
Let x(f) = 7*f**3 - 157*f**2 + 259*f + 28. Calculate x(21).
1057
Let b(f) = 32*f**3 - 1382*f**2 + 13981*f + 136. Determine b(27).
1
Let k(o) = o**3 + 39*o**2 - 993*o - 579. What is k(18)?
15
Let f(w) = 535*w - 3106. Determine f(6).
104
Let j(d) = d**3 + 493*d**